{"id":2565,"date":"2016-10-04T10:15:10","date_gmt":"2016-10-04T08:15:10","guid":{"rendered":"http:\/\/www.lvsada.lv\/?page_id=2565"},"modified":"2020-03-05T11:10:38","modified_gmt":"2020-03-05T09:10:38","slug":"29-09-akcija-par-tautas-dzivibu","status":"publish","type":"page","link":"https:\/\/www.lvsada.lv\/?page_id=2565","title":{"rendered":"29. 09 Akcija &#8220;Par Tautas Dz\u012bv\u012bbu&#8221;"},"content":{"rendered":"<p style=\"text-align: center;\"><span style=\"font-family: arial, helvetica, sans-serif;\"><strong><span style=\"color: #800000; font-size: 14pt;\">\u00a0<\/span><\/strong><\/span><strong><span style=\"color: #800000; font-size: 14pt;\">LVSADA 29. septembra akcija &#8220;Par Tautas Dz\u012bv\u012bbu&#8221;<\/span><\/strong><\/p>\n<p style=\"text-align: justify;\"><span style=\"font-family: arial, helvetica, sans-serif; font-size: 12pt;\"><strong>Latvijas Vesel\u012bbas un soci\u0101l\u0101s apr\u016bpes darbinieku arodbiedr\u012bbas (LVSADA) protesta akciju pie Saeimas 29.09.2016. atbalst\u012bja vair\u0101k nek\u0101 500 dal\u012bbnieku, kuri p\u0113c teatraliz\u0113t\u0101 uzveduma \u201cPar Tautas Dz\u012bv\u012bbu!\u201d aizs\u0101ka \u00a0parakstu v\u0101k\u0161anas akciju. \u00a0<\/strong><\/span><\/p>\n<p><span style=\"font-family: arial, helvetica, sans-serif; font-size: 12pt;\">\u00a0 \u00a0<\/span><\/p>\n<p><span style=\"font-family: arial, helvetica, sans-serif; font-size: 12pt;\">\u00a0<\/span><\/p>\n<p><a href=\"https:\/\/www.lvsada.lv\/wp-content\/uploads\/2016\/10\/IMG_4982-1.jpg\"><span style=\"font-family: arial, helvetica, sans-serif; font-size: 12pt;\">\u00a0<\/span><img loading=\"lazy\" decoding=\"async\" class=\"alignnone size-full wp-image-2566\" src=\"https:\/\/www.lvsada.lv\/wp-content\/uploads\/2016\/10\/IMG_4982-1.jpg\" alt=\"img_4982-1\" width=\"450\" height=\"300\" \/><\/a>\u00a0\u00a0<a href=\"https:\/\/www.lvsada.lv\/wp-content\/uploads\/2016\/10\/IMG_4986.jpg\"><img loading=\"lazy\" decoding=\"async\" class=\"alignnone size-medium wp-image-2568\" src=\"https:\/\/www.lvsada.lv\/wp-content\/uploads\/2016\/10\/IMG_4986-500x333.jpg\" alt=\"img_4986\" width=\"500\" height=\"333\" srcset=\"https:\/\/www.lvsada.lv\/wp-content\/uploads\/2016\/10\/IMG_4986-500x333.jpg 500w, https:\/\/www.lvsada.lv\/wp-content\/uploads\/2016\/10\/IMG_4986.jpg 750w\" sizes=\"auto, (max-width: 500px) 100vw, 500px\" \/><\/a>\u00a0\u00a0<a href=\"https:\/\/www.lvsada.lv\/wp-content\/uploads\/2016\/10\/IMG_4992.jpg\"><img loading=\"lazy\" decoding=\"async\" class=\"alignnone size-medium wp-image-2570\" src=\"https:\/\/www.lvsada.lv\/wp-content\/uploads\/2016\/10\/IMG_4992-500x333.jpg\" alt=\"img_4992\" width=\"500\" height=\"333\" srcset=\"https:\/\/www.lvsada.lv\/wp-content\/uploads\/2016\/10\/IMG_4992-500x333.jpg 500w, https:\/\/www.lvsada.lv\/wp-content\/uploads\/2016\/10\/IMG_4992.jpg 750w\" sizes=\"auto, (max-width: 500px) 100vw, 500px\" \/><\/a> <a href=\"https:\/\/www.lvsada.lv\/wp-content\/uploads\/2016\/10\/IMG_4994.jpg\"><img loading=\"lazy\" decoding=\"async\" class=\"alignnone size-medium wp-image-2571\" src=\"https:\/\/www.lvsada.lv\/wp-content\/uploads\/2016\/10\/IMG_4994-500x333.jpg\" alt=\"img_4994\" width=\"500\" height=\"333\" srcset=\"https:\/\/www.lvsada.lv\/wp-content\/uploads\/2016\/10\/IMG_4994-500x333.jpg 500w, https:\/\/www.lvsada.lv\/wp-content\/uploads\/2016\/10\/IMG_4994.jpg 750w\" sizes=\"auto, (max-width: 500px) 100vw, 500px\" \/><\/a> <a href=\"https:\/\/www.lvsada.lv\/wp-content\/uploads\/2016\/10\/IMG_4996.jpg\"><img loading=\"lazy\" decoding=\"async\" class=\"alignnone size-medium wp-image-2572\" src=\"https:\/\/www.lvsada.lv\/wp-content\/uploads\/2016\/10\/IMG_4996-500x333.jpg\" alt=\"img_4996\" width=\"500\" height=\"333\" srcset=\"https:\/\/www.lvsada.lv\/wp-content\/uploads\/2016\/10\/IMG_4996-500x333.jpg 500w, https:\/\/www.lvsada.lv\/wp-content\/uploads\/2016\/10\/IMG_4996.jpg 750w\" sizes=\"auto, (max-width: 500px) 100vw, 500px\" \/><\/a> <a href=\"https:\/\/www.lvsada.lv\/wp-content\/uploads\/2016\/10\/IMG_4997.jpg\"><img loading=\"lazy\" decoding=\"async\" class=\"alignnone size-medium wp-image-2573\" src=\"https:\/\/www.lvsada.lv\/wp-content\/uploads\/2016\/10\/IMG_4997-500x333.jpg\" alt=\"img_4997\" width=\"500\" height=\"333\" srcset=\"https:\/\/www.lvsada.lv\/wp-content\/uploads\/2016\/10\/IMG_4997-500x333.jpg 500w, https:\/\/www.lvsada.lv\/wp-content\/uploads\/2016\/10\/IMG_4997.jpg 750w\" sizes=\"auto, (max-width: 500px) 100vw, 500px\" \/><\/a> <a href=\"https:\/\/www.lvsada.lv\/wp-content\/uploads\/2016\/10\/IMG_4999.jpg\"><img loading=\"lazy\" decoding=\"async\" class=\"alignnone size-medium wp-image-2574\" src=\"https:\/\/www.lvsada.lv\/wp-content\/uploads\/2016\/10\/IMG_4999-500x333.jpg\" alt=\"img_4999\" width=\"500\" height=\"333\" srcset=\"https:\/\/www.lvsada.lv\/wp-content\/uploads\/2016\/10\/IMG_4999-500x333.jpg 500w, https:\/\/www.lvsada.lv\/wp-content\/uploads\/2016\/10\/IMG_4999.jpg 750w\" sizes=\"auto, (max-width: 500px) 100vw, 500px\" \/><\/a> <a href=\"https:\/\/www.lvsada.lv\/wp-content\/uploads\/2016\/10\/IMG_5001.jpg\"><img loading=\"lazy\" decoding=\"async\" class=\"alignnone size-medium wp-image-2575\" src=\"https:\/\/www.lvsada.lv\/wp-content\/uploads\/2016\/10\/IMG_5001-500x333.jpg\" alt=\"img_5001\" width=\"500\" height=\"333\" srcset=\"https:\/\/www.lvsada.lv\/wp-content\/uploads\/2016\/10\/IMG_5001-500x333.jpg 500w, https:\/\/www.lvsada.lv\/wp-content\/uploads\/2016\/10\/IMG_5001.jpg 750w\" sizes=\"auto, (max-width: 500px) 100vw, 500px\" \/><\/a> <a href=\"https:\/\/www.lvsada.lv\/wp-content\/uploads\/2016\/10\/IMG_5005.jpg\"><img loading=\"lazy\" decoding=\"async\" class=\"alignnone size-medium wp-image-2576\" src=\"https:\/\/www.lvsada.lv\/wp-content\/uploads\/2016\/10\/IMG_5005-500x330.jpg\" alt=\"img_5005\" width=\"500\" height=\"330\" srcset=\"https:\/\/www.lvsada.lv\/wp-content\/uploads\/2016\/10\/IMG_5005-500x330.jpg 500w, https:\/\/www.lvsada.lv\/wp-content\/uploads\/2016\/10\/IMG_5005.jpg 678w\" sizes=\"auto, (max-width: 500px) 100vw, 500px\" \/><\/a> <a href=\"https:\/\/www.lvsada.lv\/wp-content\/uploads\/2016\/10\/IMG_5007.jpg\"><img loading=\"lazy\" decoding=\"async\" class=\"alignnone size-medium wp-image-2577\" src=\"https:\/\/www.lvsada.lv\/wp-content\/uploads\/2016\/10\/IMG_5007-500x333.jpg\" alt=\"img_5007\" width=\"500\" height=\"333\" srcset=\"https:\/\/www.lvsada.lv\/wp-content\/uploads\/2016\/10\/IMG_5007-500x333.jpg 500w, https:\/\/www.lvsada.lv\/wp-content\/uploads\/2016\/10\/IMG_5007.jpg 750w\" sizes=\"auto, (max-width: 500px) 100vw, 500px\" \/><\/a> <a href=\"https:\/\/www.lvsada.lv\/wp-content\/uploads\/2016\/10\/IMG_5009.jpg\"><img loading=\"lazy\" decoding=\"async\" class=\"alignnone size-medium wp-image-2578\" src=\"https:\/\/www.lvsada.lv\/wp-content\/uploads\/2016\/10\/IMG_5009-500x333.jpg\" alt=\"img_5009\" width=\"500\" height=\"333\" srcset=\"https:\/\/www.lvsada.lv\/wp-content\/uploads\/2016\/10\/IMG_5009-500x333.jpg 500w, https:\/\/www.lvsada.lv\/wp-content\/uploads\/2016\/10\/IMG_5009.jpg 750w\" sizes=\"auto, (max-width: 500px) 100vw, 500px\" \/><\/a> <a href=\"https:\/\/www.lvsada.lv\/wp-content\/uploads\/2016\/10\/IMG_5011.jpg\"><img loading=\"lazy\" decoding=\"async\" class=\"alignnone size-medium wp-image-2579\" src=\"https:\/\/www.lvsada.lv\/wp-content\/uploads\/2016\/10\/IMG_5011-500x333.jpg\" alt=\"img_5011\" width=\"500\" height=\"333\" srcset=\"https:\/\/www.lvsada.lv\/wp-content\/uploads\/2016\/10\/IMG_5011-500x333.jpg 500w, https:\/\/www.lvsada.lv\/wp-content\/uploads\/2016\/10\/IMG_5011.jpg 750w\" sizes=\"auto, (max-width: 500px) 100vw, 500px\" \/><\/a> <a href=\"https:\/\/www.lvsada.lv\/wp-content\/uploads\/2016\/10\/IMG_5014.jpg\"><img loading=\"lazy\" decoding=\"async\" class=\"alignnone size-medium wp-image-2580\" src=\"https:\/\/www.lvsada.lv\/wp-content\/uploads\/2016\/10\/IMG_5014-500x333.jpg\" alt=\"img_5014\" width=\"500\" height=\"333\" srcset=\"https:\/\/www.lvsada.lv\/wp-content\/uploads\/2016\/10\/IMG_5014-500x333.jpg 500w, https:\/\/www.lvsada.lv\/wp-content\/uploads\/2016\/10\/IMG_5014.jpg 750w\" sizes=\"auto, (max-width: 500px) 100vw, 500px\" \/><\/a> <a href=\"https:\/\/www.lvsada.lv\/wp-content\/uploads\/2016\/10\/IMG_5015.jpg\"><img loading=\"lazy\" decoding=\"async\" class=\"alignnone size-medium wp-image-2581\" src=\"https:\/\/www.lvsada.lv\/wp-content\/uploads\/2016\/10\/IMG_5015-500x333.jpg\" alt=\"img_5015\" width=\"500\" height=\"333\" srcset=\"https:\/\/www.lvsada.lv\/wp-content\/uploads\/2016\/10\/IMG_5015-500x333.jpg 500w, https:\/\/www.lvsada.lv\/wp-content\/uploads\/2016\/10\/IMG_5015.jpg 750w\" sizes=\"auto, (max-width: 500px) 100vw, 500px\" \/><\/a> <a href=\"https:\/\/www.lvsada.lv\/wp-content\/uploads\/2016\/10\/IMG_5020.jpg\"><img loading=\"lazy\" decoding=\"async\" class=\"alignnone size-medium wp-image-2582\" src=\"https:\/\/www.lvsada.lv\/wp-content\/uploads\/2016\/10\/IMG_5020-500x333.jpg\" alt=\"img_5020\" width=\"500\" height=\"333\" srcset=\"https:\/\/www.lvsada.lv\/wp-content\/uploads\/2016\/10\/IMG_5020-500x333.jpg 500w, https:\/\/www.lvsada.lv\/wp-content\/uploads\/2016\/10\/IMG_5020.jpg 750w\" sizes=\"auto, (max-width: 500px) 100vw, 500px\" \/><\/a> <a href=\"https:\/\/www.lvsada.lv\/wp-content\/uploads\/2016\/10\/IMG_5021.jpg\"><img loading=\"lazy\" decoding=\"async\" class=\"alignnone size-medium wp-image-2583\" src=\"https:\/\/www.lvsada.lv\/wp-content\/uploads\/2016\/10\/IMG_5021-500x333.jpg\" alt=\"img_5021\" width=\"500\" height=\"333\" srcset=\"https:\/\/www.lvsada.lv\/wp-content\/uploads\/2016\/10\/IMG_5021-500x333.jpg 500w, https:\/\/www.lvsada.lv\/wp-content\/uploads\/2016\/10\/IMG_5021.jpg 750w\" sizes=\"auto, (max-width: 500px) 100vw, 500px\" \/><\/a> <a href=\"https:\/\/www.lvsada.lv\/wp-content\/uploads\/2016\/10\/IMG_5022.jpg\"><img loading=\"lazy\" decoding=\"async\" class=\"alignnone size-medium wp-image-2584\" src=\"https:\/\/www.lvsada.lv\/wp-content\/uploads\/2016\/10\/IMG_5022-500x333.jpg\" alt=\"img_5022\" width=\"500\" height=\"333\" srcset=\"https:\/\/www.lvsada.lv\/wp-content\/uploads\/2016\/10\/IMG_5022-500x333.jpg 500w, https:\/\/www.lvsada.lv\/wp-content\/uploads\/2016\/10\/IMG_5022.jpg 750w\" sizes=\"auto, (max-width: 500px) 100vw, 500px\" \/><\/a> <a href=\"https:\/\/www.lvsada.lv\/wp-content\/uploads\/2016\/10\/IMG_5023.jpg\"><img loading=\"lazy\" decoding=\"async\" class=\"alignnone size-medium wp-image-2585\" src=\"https:\/\/www.lvsada.lv\/wp-content\/uploads\/2016\/10\/IMG_5023-500x333.jpg\" alt=\"img_5023\" width=\"500\" height=\"333\" srcset=\"https:\/\/www.lvsada.lv\/wp-content\/uploads\/2016\/10\/IMG_5023-500x333.jpg 500w, https:\/\/www.lvsada.lv\/wp-content\/uploads\/2016\/10\/IMG_5023.jpg 750w\" sizes=\"auto, (max-width: 500px) 100vw, 500px\" \/><\/a> <a href=\"https:\/\/www.lvsada.lv\/wp-content\/uploads\/2016\/10\/IMG_5025.jpg\"><img loading=\"lazy\" decoding=\"async\" class=\"alignnone size-medium wp-image-2586\" src=\"https:\/\/www.lvsada.lv\/wp-content\/uploads\/2016\/10\/IMG_5025-500x333.jpg\" alt=\"img_5025\" width=\"500\" height=\"333\" srcset=\"https:\/\/www.lvsada.lv\/wp-content\/uploads\/2016\/10\/IMG_5025-500x333.jpg 500w, https:\/\/www.lvsada.lv\/wp-content\/uploads\/2016\/10\/IMG_5025.jpg 750w\" sizes=\"auto, (max-width: 500px) 100vw, 500px\" \/><\/a>\u00a0<a href=\"https:\/\/www.lvsada.lv\/wp-content\/uploads\/2016\/10\/IMG_5031-Copy.jpg\"><img loading=\"lazy\" decoding=\"async\" class=\"alignnone size-medium wp-image-2587\" src=\"https:\/\/www.lvsada.lv\/wp-content\/uploads\/2016\/10\/IMG_5031-Copy-500x333.jpg\" alt=\"img_5031-copy\" width=\"500\" height=\"333\" srcset=\"https:\/\/www.lvsada.lv\/wp-content\/uploads\/2016\/10\/IMG_5031-Copy-500x333.jpg 500w, https:\/\/www.lvsada.lv\/wp-content\/uploads\/2016\/10\/IMG_5031-Copy.jpg 750w\" sizes=\"auto, (max-width: 500px) 100vw, 500px\" \/><\/a> <img loading=\"lazy\" decoding=\"async\" class=\"alignnone size-medium wp-image-2567\" src=\"https:\/\/www.lvsada.lv\/wp-content\/uploads\/2016\/10\/IMG_4985.jpg\" alt=\"img_4985\" width=\"333\" height=\"500\" \/><a href=\"https:\/\/www.lvsada.lv\/wp-content\/uploads\/2016\/10\/IMG_5034.jpg\"><img loading=\"lazy\" decoding=\"async\" class=\"alignnone size-medium wp-image-2588\" src=\"https:\/\/www.lvsada.lv\/wp-content\/uploads\/2016\/10\/IMG_5034-500x333.jpg\" alt=\"img_5034\" width=\"500\" height=\"333\" srcset=\"https:\/\/www.lvsada.lv\/wp-content\/uploads\/2016\/10\/IMG_5034-500x333.jpg 500w, https:\/\/www.lvsada.lv\/wp-content\/uploads\/2016\/10\/IMG_5034.jpg 750w\" sizes=\"auto, (max-width: 500px) 100vw, 500px\" \/><\/a> <a href=\"https:\/\/www.lvsada.lv\/wp-content\/uploads\/2016\/10\/IMG_5036.jpg\"><img loading=\"lazy\" decoding=\"async\" class=\"alignnone size-medium wp-image-2589\" src=\"https:\/\/www.lvsada.lv\/wp-content\/uploads\/2016\/10\/IMG_5036-500x333.jpg\" alt=\"img_5036\" width=\"500\" height=\"333\" srcset=\"https:\/\/www.lvsada.lv\/wp-content\/uploads\/2016\/10\/IMG_5036-500x333.jpg 500w, https:\/\/www.lvsada.lv\/wp-content\/uploads\/2016\/10\/IMG_5036.jpg 750w\" sizes=\"auto, (max-width: 500px) 100vw, 500px\" \/><\/a> <a href=\"https:\/\/www.lvsada.lv\/wp-content\/uploads\/2016\/10\/IMG_5037.jpg\"><img loading=\"lazy\" decoding=\"async\" class=\"alignnone size-medium wp-image-2590\" src=\"https:\/\/www.lvsada.lv\/wp-content\/uploads\/2016\/10\/IMG_5037-500x333.jpg\" alt=\"img_5037\" width=\"500\" height=\"333\" srcset=\"https:\/\/www.lvsada.lv\/wp-content\/uploads\/2016\/10\/IMG_5037-500x333.jpg 500w, https:\/\/www.lvsada.lv\/wp-content\/uploads\/2016\/10\/IMG_5037.jpg 750w\" sizes=\"auto, (max-width: 500px) 100vw, 500px\" \/><\/a>\u00a0<a href=\"https:\/\/www.lvsada.lv\/wp-content\/uploads\/2016\/10\/IMG_5041.jpg\"><img loading=\"lazy\" decoding=\"async\" class=\"alignnone size-medium wp-image-2591\" src=\"https:\/\/www.lvsada.lv\/wp-content\/uploads\/2016\/10\/IMG_5041-500x333.jpg\" alt=\"img_5041\" width=\"500\" height=\"333\" srcset=\"https:\/\/www.lvsada.lv\/wp-content\/uploads\/2016\/10\/IMG_5041-500x333.jpg 500w, https:\/\/www.lvsada.lv\/wp-content\/uploads\/2016\/10\/IMG_5041.jpg 750w\" sizes=\"auto, (max-width: 500px) 100vw, 500px\" \/><\/a> <a href=\"https:\/\/www.lvsada.lv\/wp-content\/uploads\/2016\/10\/IMG_5042.jpg\"><img loading=\"lazy\" decoding=\"async\" class=\"alignnone size-medium wp-image-2592\" src=\"https:\/\/www.lvsada.lv\/wp-content\/uploads\/2016\/10\/IMG_5042-333x500.jpg\" alt=\"img_5042\" width=\"333\" height=\"500\" srcset=\"https:\/\/www.lvsada.lv\/wp-content\/uploads\/2016\/10\/IMG_5042-333x500.jpg 333w, https:\/\/www.lvsada.lv\/wp-content\/uploads\/2016\/10\/IMG_5042.jpg 500w\" sizes=\"auto, (max-width: 333px) 100vw, 333px\" \/><\/a> <a href=\"https:\/\/www.lvsada.lv\/wp-content\/uploads\/2016\/10\/IMG_5044.jpg\"><img loading=\"lazy\" decoding=\"async\" class=\"alignnone size-medium wp-image-2593\" src=\"https:\/\/www.lvsada.lv\/wp-content\/uploads\/2016\/10\/IMG_5044-500x333.jpg\" alt=\"img_5044\" width=\"500\" height=\"333\" srcset=\"https:\/\/www.lvsada.lv\/wp-content\/uploads\/2016\/10\/IMG_5044-500x333.jpg 500w, https:\/\/www.lvsada.lv\/wp-content\/uploads\/2016\/10\/IMG_5044.jpg 750w\" sizes=\"auto, (max-width: 500px) 100vw, 500px\" \/><\/a> <a href=\"https:\/\/www.lvsada.lv\/wp-content\/uploads\/2016\/10\/IMG_5057.jpg\"><img loading=\"lazy\" decoding=\"async\" class=\"alignnone size-medium wp-image-2594\" src=\"https:\/\/www.lvsada.lv\/wp-content\/uploads\/2016\/10\/IMG_5057-333x500.jpg\" alt=\"img_5057\" width=\"333\" height=\"500\" srcset=\"https:\/\/www.lvsada.lv\/wp-content\/uploads\/2016\/10\/IMG_5057-333x500.jpg 333w, https:\/\/www.lvsada.lv\/wp-content\/uploads\/2016\/10\/IMG_5057.jpg 500w\" sizes=\"auto, (max-width: 333px) 100vw, 333px\" \/><\/a> <img loading=\"lazy\" decoding=\"async\" class=\"alignnone size-medium wp-image-2569\" src=\"https:\/\/www.lvsada.lv\/wp-content\/uploads\/2016\/10\/IMG_4988.jpg\" alt=\"img_4988\" width=\"333\" height=\"500\" \/><a href=\"https:\/\/www.lvsada.lv\/wp-content\/uploads\/2016\/10\/IMG_5062.jpg\"><img loading=\"lazy\" decoding=\"async\" class=\"alignnone size-medium wp-image-2595\" src=\"https:\/\/www.lvsada.lv\/wp-content\/uploads\/2016\/10\/IMG_5062-500x333.jpg\" alt=\"img_5062\" width=\"500\" height=\"333\" srcset=\"https:\/\/www.lvsada.lv\/wp-content\/uploads\/2016\/10\/IMG_5062-500x333.jpg 500w, https:\/\/www.lvsada.lv\/wp-content\/uploads\/2016\/10\/IMG_5062.jpg 750w\" sizes=\"auto, (max-width: 500px) 100vw, 500px\" \/><\/a> <a href=\"https:\/\/www.lvsada.lv\/wp-content\/uploads\/2016\/10\/IMG_5071.jpg\"><img loading=\"lazy\" decoding=\"async\" class=\"alignnone size-medium wp-image-2596\" src=\"https:\/\/www.lvsada.lv\/wp-content\/uploads\/2016\/10\/IMG_5071-500x333.jpg\" alt=\"img_5071\" width=\"500\" height=\"333\" srcset=\"https:\/\/www.lvsada.lv\/wp-content\/uploads\/2016\/10\/IMG_5071-500x333.jpg 500w, https:\/\/www.lvsada.lv\/wp-content\/uploads\/2016\/10\/IMG_5071.jpg 750w\" sizes=\"auto, (max-width: 500px) 100vw, 500px\" \/><\/a> <a href=\"https:\/\/www.lvsada.lv\/wp-content\/uploads\/2016\/10\/IMG_5081.jpg\"><img loading=\"lazy\" decoding=\"async\" class=\"alignnone size-medium wp-image-2597\" src=\"https:\/\/www.lvsada.lv\/wp-content\/uploads\/2016\/10\/IMG_5081-500x333.jpg\" alt=\"img_5081\" width=\"500\" height=\"333\" srcset=\"https:\/\/www.lvsada.lv\/wp-content\/uploads\/2016\/10\/IMG_5081-500x333.jpg 500w, https:\/\/www.lvsada.lv\/wp-content\/uploads\/2016\/10\/IMG_5081.jpg 750w\" sizes=\"auto, (max-width: 500px) 100vw, 500px\" \/><\/a> <a href=\"https:\/\/www.lvsada.lv\/wp-content\/uploads\/2016\/10\/IMG_5085.jpg\"><img loading=\"lazy\" decoding=\"async\" class=\"alignnone size-medium wp-image-2598\" src=\"https:\/\/www.lvsada.lv\/wp-content\/uploads\/2016\/10\/IMG_5085-500x333.jpg\" alt=\"img_5085\" width=\"500\" height=\"333\" srcset=\"https:\/\/www.lvsada.lv\/wp-content\/uploads\/2016\/10\/IMG_5085-500x333.jpg 500w, https:\/\/www.lvsada.lv\/wp-content\/uploads\/2016\/10\/IMG_5085.jpg 750w\" sizes=\"auto, (max-width: 500px) 100vw, 500px\" \/><\/a>\u00a0\u00a0<a href=\"https:\/\/www.lvsada.lv\/wp-content\/uploads\/2016\/10\/IMG_5088.jpg\"><img loading=\"lazy\" decoding=\"async\" class=\"alignnone size-medium wp-image-2600\" src=\"https:\/\/www.lvsada.lv\/wp-content\/uploads\/2016\/10\/IMG_5088-500x333.jpg\" alt=\"img_5088\" width=\"500\" height=\"333\" srcset=\"https:\/\/www.lvsada.lv\/wp-content\/uploads\/2016\/10\/IMG_5088-500x333.jpg 500w, https:\/\/www.lvsada.lv\/wp-content\/uploads\/2016\/10\/IMG_5088.jpg 750w\" sizes=\"auto, (max-width: 500px) 100vw, 500px\" \/><\/a> <a href=\"https:\/\/www.lvsada.lv\/wp-content\/uploads\/2016\/10\/IMG_5093.jpg\"><img loading=\"lazy\" decoding=\"async\" class=\"alignnone size-medium wp-image-2601\" src=\"https:\/\/www.lvsada.lv\/wp-content\/uploads\/2016\/10\/IMG_5093-500x333.jpg\" alt=\"img_5093\" width=\"500\" height=\"333\" srcset=\"https:\/\/www.lvsada.lv\/wp-content\/uploads\/2016\/10\/IMG_5093-500x333.jpg 500w, https:\/\/www.lvsada.lv\/wp-content\/uploads\/2016\/10\/IMG_5093.jpg 750w\" sizes=\"auto, (max-width: 500px) 100vw, 500px\" \/><\/a> <a href=\"https:\/\/www.lvsada.lv\/wp-content\/uploads\/2016\/10\/IMG_5099.jpg\"><img loading=\"lazy\" decoding=\"async\" class=\"alignnone size-medium wp-image-2602\" src=\"https:\/\/www.lvsada.lv\/wp-content\/uploads\/2016\/10\/IMG_5099.jpg\" alt=\"img_5099\" width=\"324\" height=\"412\" \/><\/a><\/p>\n<p><span style=\"font-family: arial, helvetica, sans-serif; font-size: 12pt;\"> Parakstu v\u0101k\u0161anas kampa\u0146a turpin\u0101sies l\u012bdz \u0161.g. 13. oktobrim.<\/span><\/p>\n","protected":false},"excerpt":{"rendered":"<p>\u00a0LVSADA 29. septembra akcija &#8220;Par Tautas Dz\u012bv\u012bbu&#8221; Latvijas Vesel\u012bbas un soci\u0101l\u0101s apr\u016bpes darbinieku arodbiedr\u012bbas (LVSADA) protesta akciju pie Saeimas 29.09.2016. atbalst\u012bja vair\u0101k nek\u0101 500 dal\u012bbnieku, kuri p\u0113c teatraliz\u0113t\u0101 uzveduma \u201cPar Tautas Dz\u012bv\u012bbu!\u201d aizs\u0101ka \u00a0parakstu v\u0101k\u0161anas akciju. \u00a0 \u00a0 \u00a0 \u00a0 \u00a0\u00a0\u00a0\u00a0\u00a0 \u00a0 \u00a0 \u00a0\u00a0 Parakstu v\u0101k\u0161anas kampa\u0146a turpin\u0101sies l\u012bdz \u0161.g. 13. oktobrim.<\/p>\n","protected":false},"author":1,"featured_media":0,"parent":0,"menu_order":0,"comment_status":"closed","ping_status":"open","template":"","meta":{"footnotes":""},"class_list":["post-2565","page","type-page","status-publish","hentry"],"_links":{"self":[{"href":"https:\/\/www.lvsada.lv\/index.php?rest_route=\/wp\/v2\/pages\/2565","targetHints":{"allow":["GET"]}}],"collection":[{"href":"https:\/\/www.lvsada.lv\/index.php?rest_route=\/wp\/v2\/pages"}],"about":[{"href":"https:\/\/www.lvsada.lv\/index.php?rest_route=\/wp\/v2\/types\/page"}],"author":[{"embeddable":true,"href":"https:\/\/www.lvsada.lv\/index.php?rest_route=\/wp\/v2\/users\/1"}],"replies":[{"embeddable":true,"href":"https:\/\/www.lvsada.lv\/index.php?rest_route=%2Fwp%2Fv2%2Fcomments&post=2565"}],"version-history":[{"count":12,"href":"https:\/\/www.lvsada.lv\/index.php?rest_route=\/wp\/v2\/pages\/2565\/revisions"}],"predecessor-version":[{"id":3894,"href":"https:\/\/www.lvsada.lv\/index.php?rest_route=\/wp\/v2\/pages\/2565\/revisions\/3894"}],"wp:attachment":[{"href":"https:\/\/www.lvsada.lv\/index.php?rest_route=%2Fwp%2Fv2%2Fmedia&parent=2565"}],"curies":[{"name":"wp","href":"https:\/\/api.w.org\/{rel}","templated":true}]}}