{"id":288,"date":"2013-10-31T19:52:03","date_gmt":"2013-10-31T17:52:03","guid":{"rendered":"http:\/\/lvsada.datika.lv\/?page_id=288"},"modified":"2022-10-21T09:33:37","modified_gmt":"2022-10-21T07:33:37","slug":"video","status":"publish","type":"page","link":"https:\/\/www.lvsada.lv\/?page_id=288","title":{"rendered":"Foto"},"content":{"rendered":"<p style=\"text-align: center;\"><a href=\"https:\/\/www.lvsada.lv\/?page_id=4576\"><img loading=\"lazy\" decoding=\"async\" class=\"wp-image-4661 aligncenter\" src=\"https:\/\/www.lvsada.lv\/wp-content\/uploads\/2022\/10\/1-1-500x373.jpg\" alt=\"\" width=\"63\" height=\"47\" srcset=\"https:\/\/www.lvsada.lv\/wp-content\/uploads\/2022\/10\/1-1-500x373.jpg 500w, https:\/\/www.lvsada.lv\/wp-content\/uploads\/2022\/10\/1-1-768x574.jpg 768w, https:\/\/www.lvsada.lv\/wp-content\/uploads\/2022\/10\/1-1-1024x765.jpg 1024w, https:\/\/www.lvsada.lv\/wp-content\/uploads\/2022\/10\/1-1.jpg 1071w\" sizes=\"auto, (max-width: 63px) 100vw, 63px\" \/><\/a>\u00a0 \u00a0\u00a0<span style=\"font-family: arial, helvetica, sans-serif; font-size: 10pt;\"><a href=\"https:\/\/www.lvsada.lv\/?page_id=4576\">LVSADA protesta akcija 2022. gada 27. septembr\u012b pie Ministru kabineta<\/a> \u00a0 <\/span><\/p>\n<hr \/>\n<p><a href=\"https:\/\/www.lvsada.lv\/?page_id=4577\"><img loading=\"lazy\" decoding=\"async\" class=\"aligncenter\" src=\"https:\/\/www.lvsada.lv\/wp-content\/uploads\/2022\/09\/1.jpg\" width=\"75\" height=\"50\" \/><\/a><\/p>\n<p style=\"text-align: center;\"><a href=\"https:\/\/www.lvsada.lv\/?page_id=4577\"><span style=\"font-family: arial, helvetica, sans-serif; font-size: 10pt;\">LVSADA protesta akcija 2022. gada 27. j\u016blij\u0101 pie Vesel\u012bbas ministrijas<\/span><\/a><\/p>\n<hr \/>\n<p><span style=\"font-family: arial,helvetica,sans-serif; font-size: 12px;\"><a href=\"https:\/\/www.lvsada.lv\/?page_id=3838\"><img loading=\"lazy\" decoding=\"async\" class=\"wp-image-3843 aligncenter\" src=\"https:\/\/www.lvsada.lv\/wp-content\/uploads\/2020\/03\/MG_0649-500x383.jpg\" alt=\"\" width=\"72\" height=\"55\" srcset=\"https:\/\/www.lvsada.lv\/wp-content\/uploads\/2020\/03\/MG_0649-500x383.jpg 500w, https:\/\/www.lvsada.lv\/wp-content\/uploads\/2020\/03\/MG_0649-768x589.jpg 768w, https:\/\/www.lvsada.lv\/wp-content\/uploads\/2020\/03\/MG_0649.jpg 944w\" sizes=\"auto, (max-width: 72px) 100vw, 72px\" \/> <\/a><\/span><\/p>\n<p style=\"text-align: center;\"><a href=\"https:\/\/www.lvsada.lv\/?page_id=3838\"><span style=\"font-size: 10pt;\"><span style=\"color: #800000;\"><span style=\"font-family: arial,helvetica,sans-serif; color: #800000;\">LVSADA protesta akcija 2019. gada 28. novembr\u012b<\/span><\/span><\/span><\/a><\/p>\n<hr \/>\n<p style=\"text-align: center;\"><span style=\"font-family: arial,helvetica,sans-serif; font-size: 12px;\"><a href=\"https:\/\/www.lvsada.lv\/?page_id=2565\"> <img loading=\"lazy\" decoding=\"async\" class=\"wp-image-2583 aligncenter\" src=\"https:\/\/www.lvsada.lv\/wp-content\/uploads\/2016\/10\/IMG_5021-500x333.jpg\" alt=\"\" width=\"80\" height=\"53\" srcset=\"https:\/\/www.lvsada.lv\/wp-content\/uploads\/2016\/10\/IMG_5021-500x333.jpg 500w, https:\/\/www.lvsada.lv\/wp-content\/uploads\/2016\/10\/IMG_5021.jpg 750w\" sizes=\"auto, (max-width: 80px) 100vw, 80px\" \/><\/a><\/span><\/p>\n<p style=\"text-align: center;\"><span style=\"font-family: arial,helvetica,sans-serif; font-size: 12px;\"><a href=\"https:\/\/www.lvsada.lv\/?page_id=2565\"><span style=\"font-size: 10pt;\"><span style=\"color: #800000;\"><span style=\"font-family: arial,helvetica,sans-serif; color: #800000;\">LVSADA protesta akcija 2016. gada 29. septembr\u012b<\/span><\/span><\/span><\/a><\/span><\/p>\n<hr \/>\n<p><span style=\"font-size: 10pt;\"><a href=\"https:\/\/www.lvsada.lv\/wp-content\/uploads\/2013\/10\/20.05.2014-Konference.jpg\"><img loading=\"lazy\" decoding=\"async\" class=\"wp-image-1612 aligncenter\" src=\"https:\/\/www.lvsada.lv\/wp-content\/uploads\/2013\/10\/20.05.2014-Konference.jpg\" alt=\"20.05.2014 Konference\" width=\"70\" height=\"51\" \/><\/a><\/span><\/p>\n<p style=\"text-align: center;\"><span style=\"font-size: 10pt;\"><span style=\"color: #800000;\"><a href=\"https:\/\/www.lvsada.lv\/?page_id=1608%20\"><span style=\"font-family: arial,helvetica,sans-serif; color: #800000;\">LVSADA konference <strong>&#8220;<\/strong><span style=\"color: #800000;\">LVSADA konference \u201eJaun\u0101k\u0101s izmai\u0146as likumos un arodbiedr\u012bbu kapacit\u0101te Latvij\u0101\u201d 2014. gada 20. maij\u0101&#8221;<\/span><\/span><\/a><\/span><\/span><\/p>\n<hr \/>\n<p style=\"text-align: center;\"><span style=\"font-family: arial,helvetica,sans-serif; font-size: 12px;\"><a href=\" https:\/\/www.lvsada.lv\/?page_id=1004 \"><img loading=\"lazy\" decoding=\"async\" class=\"wp-image-1006 aligncenter\" src=\"https:\/\/www.lvsada.lv\/wp-content\/uploads\/2013\/11\/1_f.jpg\" alt=\"1_f\" width=\"81\" height=\"46\" \/><\/a><\/span><\/p>\n<p style=\"text-align: center;\"><span style=\"font-family: arial,helvetica,sans-serif; font-size: 12px;\"><span style=\"color: #800000;\"> <a href=\"https:\/\/www.lvsada.lv\/?page_id=1004 \" target=\"_blank\" rel=\"noopener\"><span style=\"color: #800000;\">Pieredzes apmai\u0146as semin\u0101rs 14. &#8211; 15.novembr\u012b\u00a0 St\u0101merien\u0101 <\/span><\/a><\/span><\/span><\/p>\n<hr \/>\n<p><a href=\"https:\/\/www.lvsada.lv\/?page_id=696\"><img loading=\"lazy\" decoding=\"async\" class=\"size-full wp-image-773 aligncenter\" src=\"https:\/\/www.lvsada.lv\/wp-content\/uploads\/2013\/10\/ZZ.jpg\" alt=\"ZZ\" width=\"71\" height=\"51\" \/><\/a><\/p>\n<p style=\"text-align: center;\"><a href=\"https:\/\/www.lvsada.lv\/?page_id=696\"><span style=\"font-family: arial,helvetica,sans-serif; font-size: 12px; color: #800000;\">Protesta akcija pie Ministru kabineta 2013. gada 19. j\u016bnij\u0101<\/span><\/a><\/p>\n<hr \/>\n<p>&nbsp;<\/p>\n<p><a href=\"https:\/\/www.lvsada.lv\/?page_id=733\"><img loading=\"lazy\" decoding=\"async\" class=\"size-full wp-image-778 aligncenter\" src=\"https:\/\/www.lvsada.lv\/wp-content\/uploads\/2013\/10\/zz.jpg\" alt=\"zz\" width=\"72\" height=\"48\" \/><\/a><\/p>\n<p style=\"text-align: center;\"><a href=\"https:\/\/www.lvsada.lv\/?page_id=733\"><span style=\"font-family: arial,helvetica,sans-serif; font-size: 12px;\">LVSADA\u00a0 konference &#8220;Par dro\u0161u sabiedrisko pakalpojumu 2013. gada 21.maij\u0101&#8221;<\/span><\/a><\/p>\n","protected":false},"excerpt":{"rendered":"<p>\u00a0 \u00a0\u00a0LVSADA protesta akcija 2022. gada 27. septembr\u012b pie Ministru kabineta \u00a0 LVSADA protesta akcija 2022. gada 27. j\u016blij\u0101 pie Vesel\u012bbas ministrijas LVSADA protesta akcija 2019. gada 28. novembr\u012b LVSADA protesta akcija 2016. gada 29. septembr\u012b LVSADA konference &#8220;LVSADA konference \u201eJaun\u0101k\u0101s izmai\u0146as likumos un arodbiedr\u012bbu kapacit\u0101te Latvij\u0101\u201d 2014. gada 20. maij\u0101&#8221; Pieredzes apmai\u0146as semin\u0101rs 14&#8230;.<\/p>\n","protected":false},"author":1,"featured_media":0,"parent":0,"menu_order":0,"comment_status":"closed","ping_status":"closed","template":"","meta":{"footnotes":""},"class_list":["post-288","page","type-page","status-publish","hentry"],"_links":{"self":[{"href":"https:\/\/www.lvsada.lv\/index.php?rest_route=\/wp\/v2\/pages\/288","targetHints":{"allow":["GET"]}}],"collection":[{"href":"https:\/\/www.lvsada.lv\/index.php?rest_route=\/wp\/v2\/pages"}],"about":[{"href":"https:\/\/www.lvsada.lv\/index.php?rest_route=\/wp\/v2\/types\/page"}],"author":[{"embeddable":true,"href":"https:\/\/www.lvsada.lv\/index.php?rest_route=\/wp\/v2\/users\/1"}],"replies":[{"embeddable":true,"href":"https:\/\/www.lvsada.lv\/index.php?rest_route=%2Fwp%2Fv2%2Fcomments&post=288"}],"version-history":[{"count":59,"href":"https:\/\/www.lvsada.lv\/index.php?rest_route=\/wp\/v2\/pages\/288\/revisions"}],"predecessor-version":[{"id":4692,"href":"https:\/\/www.lvsada.lv\/index.php?rest_route=\/wp\/v2\/pages\/288\/revisions\/4692"}],"wp:attachment":[{"href":"https:\/\/www.lvsada.lv\/index.php?rest_route=%2Fwp%2Fv2%2Fmedia&parent=288"}],"curies":[{"name":"wp","href":"https:\/\/api.w.org\/{rel}","templated":true}]}}