{"id":2957,"date":"2017-10-04T08:32:48","date_gmt":"2017-10-04T06:32:48","guid":{"rendered":"http:\/\/www.lvsada.lv\/?page_id=2957"},"modified":"2026-03-09T11:15:24","modified_gmt":"2026-03-09T09:15:24","slug":"karikaruras","status":"publish","type":"page","link":"https:\/\/www.lvsada.lv\/?page_id=2957","title":{"rendered":"Karikat\u016bras"},"content":{"rendered":"<p><img loading=\"lazy\" decoding=\"async\" class=\"alignnone size-medium wp-image-5187 aligncenter\" src=\"https:\/\/www.lvsada.lv\/wp-content\/uploads\/2026\/03\/Nepietiekams-budzets-333x500.png\" alt=\"\" width=\"333\" height=\"500\" srcset=\"https:\/\/www.lvsada.lv\/wp-content\/uploads\/2026\/03\/Nepietiekams-budzets-333x500.png 333w, https:\/\/www.lvsada.lv\/wp-content\/uploads\/2026\/03\/Nepietiekams-budzets-683x1024.png 683w, https:\/\/www.lvsada.lv\/wp-content\/uploads\/2026\/03\/Nepietiekams-budzets-768x1152.png 768w, https:\/\/www.lvsada.lv\/wp-content\/uploads\/2026\/03\/Nepietiekams-budzets.png 1024w\" sizes=\"auto, (max-width: 333px) 100vw, 333px\" \/><\/p>\n<p>2025. gada 4. mart\u0101 Saeimas Soci\u0101lo un darba lietu komisija l\u0113ma no\u0146emt piemaksas par darbu sv\u0113tku dien\u0101s un piemaksu par virsstundu darbu samazin\u0101t no 100% uz 50%. LVSADA kategoriski iebilst \u0161\u0101d\u0101m izmai\u0146\u0101m!<\/p>\n<p><a href=\"https:\/\/www.lvsada.lv\/wp-content\/uploads\/2024\/10\/10.10.2024._saskanots.jpg\"><img loading=\"lazy\" decoding=\"async\" class=\"alignnone size-medium wp-image-4952 aligncenter\" src=\"https:\/\/www.lvsada.lv\/wp-content\/uploads\/2024\/10\/10.10.2024._saskanots-500x401.jpg\" alt=\"\" width=\"500\" height=\"401\" srcset=\"https:\/\/www.lvsada.lv\/wp-content\/uploads\/2024\/10\/10.10.2024._saskanots-500x401.jpg 500w, https:\/\/www.lvsada.lv\/wp-content\/uploads\/2024\/10\/10.10.2024._saskanots-1024x822.jpg 1024w, https:\/\/www.lvsada.lv\/wp-content\/uploads\/2024\/10\/10.10.2024._saskanots-768x617.jpg 768w, https:\/\/www.lvsada.lv\/wp-content\/uploads\/2024\/10\/10.10.2024._saskanots-1536x1233.jpg 1536w, https:\/\/www.lvsada.lv\/wp-content\/uploads\/2024\/10\/10.10.2024._saskanots-2048x1644.jpg 2048w\" sizes=\"auto, (max-width: 500px) 100vw, 500px\" \/><\/a><\/p>\n<p>2024. gada 10. oktobr\u012b (ievietota laikrakst\u0101 &#8220;Diena)&#8221;<\/p>\n<p><a href=\"https:\/\/www.lvsada.lv\/wp-content\/uploads\/2024\/10\/LVSADA_210x168_0810.jpg\"><img loading=\"lazy\" decoding=\"async\" class=\"alignnone size-medium wp-image-4938 aligncenter\" src=\"https:\/\/www.lvsada.lv\/wp-content\/uploads\/2024\/10\/LVSADA_210x168_0810-500x401.jpg\" alt=\"\" width=\"500\" height=\"401\" srcset=\"https:\/\/www.lvsada.lv\/wp-content\/uploads\/2024\/10\/LVSADA_210x168_0810-500x401.jpg 500w, https:\/\/www.lvsada.lv\/wp-content\/uploads\/2024\/10\/LVSADA_210x168_0810-1024x821.jpg 1024w, https:\/\/www.lvsada.lv\/wp-content\/uploads\/2024\/10\/LVSADA_210x168_0810-768x616.jpg 768w, https:\/\/www.lvsada.lv\/wp-content\/uploads\/2024\/10\/LVSADA_210x168_0810-1536x1232.jpg 1536w, https:\/\/www.lvsada.lv\/wp-content\/uploads\/2024\/10\/LVSADA_210x168_0810-2048x1643.jpg 2048w\" sizes=\"auto, (max-width: 500px) 100vw, 500px\" \/><\/a><\/p>\n<p>2024. gada 8. oktobr\u012b (ievietota laikrakst\u0101 &#8220;Diena)&#8221;<\/p>\n<p><a href=\"https:\/\/www.lvsada.lv\/wp-content\/uploads\/2023\/12\/LVSADA_210x168_2208-kopija.jpg\"><br \/>\n<img loading=\"lazy\" decoding=\"async\" class=\"size-medium wp-image-4819 aligncenter\" src=\"https:\/\/www.lvsada.lv\/wp-content\/uploads\/2023\/12\/LVSADA_210x168_2208-kopija-500x400.jpg\" alt=\"\" width=\"500\" height=\"400\" srcset=\"https:\/\/www.lvsada.lv\/wp-content\/uploads\/2023\/12\/LVSADA_210x168_2208-kopija-500x400.jpg 500w, https:\/\/www.lvsada.lv\/wp-content\/uploads\/2023\/12\/LVSADA_210x168_2208-kopija.jpg 600w\" sizes=\"auto, (max-width: 500px) 100vw, 500px\" \/><\/a><\/p>\n<p>2023. gada 22. august\u0101 (ievietota laikrakst\u0101 &#8220;Diena&#8221;)<\/p>\n<p><img loading=\"lazy\" decoding=\"async\" class=\"aligncenter\" src=\"https:\/\/www.lvsada.lv\/wp-content\/uploads\/2023\/12\/LVSADA_253x168_07.03.2023-003-500x402.jpg\" width=\"515\" height=\"414\" \/><\/p>\n<p>2023. gada 7. mart\u0101 (ievietota laikrakst\u0101 &#8220;Diena&#8221;)<\/p>\n<p><img loading=\"lazy\" decoding=\"async\" class=\"aligncenter\" src=\"https:\/\/www.lvsada.lv\/wp-content\/uploads\/2023\/12\/LVSADA_03.11.2022-2-314x500.jpg\" width=\"403\" height=\"642\" \/><\/p>\n<p>2022. gada 3. novembr\u012b (ievietota laikrakst\u0101 &#8220;Diena&#8221;)<\/p>\n<p><img loading=\"lazy\" decoding=\"async\" class=\"alignnone  wp-image-4532 aligncenter\" src=\"https:\/\/www.lvsada.lv\/wp-content\/uploads\/2022\/09\/LVSADA_20.09.2022-314x500.jpg\" alt=\"\" width=\"465\" height=\"740\" srcset=\"https:\/\/www.lvsada.lv\/wp-content\/uploads\/2022\/09\/LVSADA_20.09.2022-314x500.jpg 314w, https:\/\/www.lvsada.lv\/wp-content\/uploads\/2022\/09\/LVSADA_20.09.2022-768x1223.jpg 768w, https:\/\/www.lvsada.lv\/wp-content\/uploads\/2022\/09\/LVSADA_20.09.2022-643x1024.jpg 643w, https:\/\/www.lvsada.lv\/wp-content\/uploads\/2022\/09\/LVSADA_20.09.2022.jpg 1315w\" sizes=\"auto, (max-width: 465px) 100vw, 465px\" \/><\/p>\n<p>2022. gada 20. septembr\u012b (ievietota laikrakst\u0101 &#8220;Diena&#8221;)<\/p>\n<p><a href=\"https:\/\/www.lvsada.lv\/wp-content\/uploads\/2022\/06\/LVSADA_07.06.2022-1.jpg\"><img loading=\"lazy\" decoding=\"async\" class=\"size-medium wp-image-4436 aligncenter\" src=\"https:\/\/www.lvsada.lv\/wp-content\/uploads\/2022\/06\/LVSADA_07.06.2022-1-500x402.jpg\" alt=\"\" width=\"500\" height=\"402\" srcset=\"https:\/\/www.lvsada.lv\/wp-content\/uploads\/2022\/06\/LVSADA_07.06.2022-1-500x402.jpg 500w, https:\/\/www.lvsada.lv\/wp-content\/uploads\/2022\/06\/LVSADA_07.06.2022-1-768x618.jpg 768w, https:\/\/www.lvsada.lv\/wp-content\/uploads\/2022\/06\/LVSADA_07.06.2022-1-1024x823.jpg 1024w, https:\/\/www.lvsada.lv\/wp-content\/uploads\/2022\/06\/LVSADA_07.06.2022-1.jpg 1654w\" sizes=\"auto, (max-width: 500px) 100vw, 500px\" \/><\/a><\/p>\n<p>2022. gada 7. j\u016bnij\u0101 (ievietota laikrakst\u0101 &#8220;Diena&#8221;)<\/p>\n<p><a href=\"https:\/\/www.lvsada.lv\/wp-content\/uploads\/2021\/12\/LVSADA_01.12.2021.jpg\"><img loading=\"lazy\" decoding=\"async\" class=\"alignnone size-medium wp-image-4294 aligncenter\" src=\"https:\/\/www.lvsada.lv\/wp-content\/uploads\/2021\/12\/LVSADA_01.12.2021-500x417.jpg\" alt=\"\" width=\"500\" height=\"417\" srcset=\"https:\/\/www.lvsada.lv\/wp-content\/uploads\/2021\/12\/LVSADA_01.12.2021-500x417.jpg 500w, https:\/\/www.lvsada.lv\/wp-content\/uploads\/2021\/12\/LVSADA_01.12.2021-768x640.jpg 768w, https:\/\/www.lvsada.lv\/wp-content\/uploads\/2021\/12\/LVSADA_01.12.2021-1024x853.jpg 1024w, https:\/\/www.lvsada.lv\/wp-content\/uploads\/2021\/12\/LVSADA_01.12.2021.jpg 1654w\" sizes=\"auto, (max-width: 500px) 100vw, 500px\" \/><\/a><\/p>\n<p>2021. gada 1. decembr\u012b\u00a0 (ievietota laikrakst\u0101 &#8220;Diena&#8221;).<\/p>\n<p><img loading=\"lazy\" decoding=\"async\" class=\"alignnone wp-image-4088 aligncenter\" src=\"https:\/\/www.lvsada.lv\/wp-content\/uploads\/2021\/01\/LVSADA_20.01.2021-255x500.jpg\" alt=\"\" width=\"426\" height=\"835\" srcset=\"https:\/\/www.lvsada.lv\/wp-content\/uploads\/2021\/01\/LVSADA_20.01.2021-255x500.jpg 255w, https:\/\/www.lvsada.lv\/wp-content\/uploads\/2021\/01\/LVSADA_20.01.2021-768x1506.jpg 768w, https:\/\/www.lvsada.lv\/wp-content\/uploads\/2021\/01\/LVSADA_20.01.2021-522x1024.jpg 522w, https:\/\/www.lvsada.lv\/wp-content\/uploads\/2021\/01\/LVSADA_20.01.2021.jpg 984w\" sizes=\"auto, (max-width: 426px) 100vw, 426px\" \/><\/p>\n<p><span style=\"font-size: 10pt;\">2021. gada 20. janv\u0101r\u012b (ievietota laikrakst\u0101 <em>Diena)<\/em><\/span><\/p>\n<p><img loading=\"lazy\" decoding=\"async\" class=\"alignnone wp-image-3773 aligncenter\" src=\"https:\/\/www.lvsada.lv\/wp-content\/uploads\/2020\/01\/karikat\u016bra-ar-koment\u0101ru-20.01.2020.-289x500.jpg\" alt=\"\" width=\"416\" height=\"722\" \/><\/p>\n<p><span style=\"font-size: 10pt;\">2020. gada 20. janv\u0101r\u012b\u00a0(ievietota laikrakst\u0101 <em>Diena)<\/em><\/span><\/p>\n<p>Ministru prezidents K. A. Kari\u0146\u0161 pazi\u0146ojis, ka Vesel\u012bbas apr\u016bpes\u00a0 finans\u0113\u0161anas likum\u0101 noteikt\u0101s garantijas par nozares finans\u0113juma un darba samaksas pieaugumu 2020. g. var\u0113tu neiev\u0113rot, jo ir likumi, ko vald\u012bba var\u0113tu pild\u012bt teor\u0113tiski. Vesel\u012bbas ministre I. Vi\u0146\u0137ele vi\u0146am piebalsojusi sac\u012bdama, ka Saeima likum\u0101 min\u0113t\u0101s garantijas pie\u0146\u0113musi \u201cp\u0113cv\u0113l\u0113\u0161anu skurbul\u012b\u201d.<\/p>\n<p><img loading=\"lazy\" decoding=\"async\" class=\"alignnone wp-image-3619 aligncenter\" src=\"https:\/\/www.lvsada.lv\/wp-content\/uploads\/2019\/09\/Komikss-Vin\u0137ele-Kari\u0146\u0161-JS-005-299x500.jpg\" alt=\"\" width=\"418\" height=\"699\" srcset=\"https:\/\/www.lvsada.lv\/wp-content\/uploads\/2019\/09\/Komikss-Vin\u0137ele-Kari\u0146\u0161-JS-005-299x500.jpg 299w, https:\/\/www.lvsada.lv\/wp-content\/uploads\/2019\/09\/Komikss-Vin\u0137ele-Kari\u0146\u0161-JS-005-768x1284.jpg 768w, https:\/\/www.lvsada.lv\/wp-content\/uploads\/2019\/09\/Komikss-Vin\u0137ele-Kari\u0146\u0161-JS-005-612x1024.jpg 612w\" sizes=\"auto, (max-width: 418px) 100vw, 418px\" \/><\/p>\n<p><span style=\"font-size: 10pt;\">04.09.2019.\u00a0(ievietota laikrakst\u0101 <em>Diena)<\/em><\/span><\/p>\n<p>Neraugoties uz darba roku tr\u016bkumu vesel\u012bbas apr\u016bp\u0113, M. Ku\u010dinska vald\u012bba nav iepl\u0101nojusi finans\u0113jumu ne darba samaksas paaugstin\u0101\u0161anai, nedz samaksai par virsstund\u0101m nozares darbiniekiem 2019. gad\u0101.<\/p>\n<p><img loading=\"lazy\" decoding=\"async\" class=\"alignnone size-medium wp-image-3521 aligncenter\" src=\"https:\/\/www.lvsada.lv\/wp-content\/uploads\/2018\/10\/Karikaturisti.lv-Bud\u017eets-2019-b-002-403x500.jpg\" alt=\"\" width=\"403\" height=\"500\" srcset=\"https:\/\/www.lvsada.lv\/wp-content\/uploads\/2018\/10\/Karikaturisti.lv-Bud\u017eets-2019-b-002-403x500.jpg 403w, https:\/\/www.lvsada.lv\/wp-content\/uploads\/2018\/10\/Karikaturisti.lv-Bud\u017eets-2019-b-002-768x952.jpg 768w, https:\/\/www.lvsada.lv\/wp-content\/uploads\/2018\/10\/Karikaturisti.lv-Bud\u017eets-2019-b-002-826x1024.jpg 826w\" sizes=\"auto, (max-width: 403px) 100vw, 403px\" \/><\/p>\n<p><span style=\"font-size: 10pt;\">30.10.2018. (ievietota laikrakst\u0101 <em>Diena)<\/em><\/span><\/p>\n<p>Saeimas Soci\u0101lo un darba lietu komisija 22.11.2017 neatbalst\u012bja priek\u0161likumu topo\u0161aj\u0101 Vesel\u012bbas apr\u016bpes finans\u0113\u0161anas likum\u0101 paredz\u0113t konkr\u0113tas finan\u0161u garantijas nozares darbinieku algu pieaugumam 2019. un 2020. gad\u0101. Starp deput\u0101tiem, kuri neatbalst\u012bja garantijas, bija komisijas priek\u0161s\u0113d\u0113t\u0101ja Aija Bar\u010da (ZZS) un komisijas loceklis \u0101rsts Hosams Abu Meri (Vienot\u012bba).<\/p>\n<p style=\"text-align: center;\"><a href=\"https:\/\/www.lvsada.lv\/wp-content\/uploads\/2017\/11\/Karikatura.jpg\"><img loading=\"lazy\" decoding=\"async\" class=\"alignnone size-medium wp-image-3016\" src=\"https:\/\/www.lvsada.lv\/wp-content\/uploads\/2017\/11\/Karikatura-401x500.jpg\" alt=\"Karikatura\" width=\"401\" height=\"500\" srcset=\"https:\/\/www.lvsada.lv\/wp-content\/uploads\/2017\/11\/Karikatura-401x500.jpg 401w, https:\/\/www.lvsada.lv\/wp-content\/uploads\/2017\/11\/Karikatura-822x1024.jpg 822w, https:\/\/www.lvsada.lv\/wp-content\/uploads\/2017\/11\/Karikatura.jpg 1500w\" sizes=\"auto, (max-width: 401px) 100vw, 401px\" \/><\/a><\/p>\n<p style=\"text-align: justify;\"><strong>Latvijas Vesel\u012bbas un soci\u0101l\u0101s apr\u016bpes darbinieku arodbiedr\u012bba (LVSADA) pau\u017e sa\u0161utumu un no\u017e\u0113lu par Ministru kabineta komitejas l\u0113mumu sv\u012btrot no Vesel\u012bbas apr\u016bpes finans\u0113\u0161anas likumprojekta konkr\u0113tas garantijas par nozares finans\u0113juma un darba samaksas finans\u0113juma pieaugumu.<\/strong><\/p>\n<p style=\"text-align: center;\"><a href=\"https:\/\/www.lvsada.lv\/wp-content\/uploads\/2017\/10\/2w.jpg\"><img loading=\"lazy\" decoding=\"async\" class=\"alignnone size-medium wp-image-2963\" src=\"https:\/\/www.lvsada.lv\/wp-content\/uploads\/2017\/10\/2w-344x500.jpg\" alt=\"2w\" width=\"344\" height=\"500\" srcset=\"https:\/\/www.lvsada.lv\/wp-content\/uploads\/2017\/10\/2w-344x500.jpg 344w, https:\/\/www.lvsada.lv\/wp-content\/uploads\/2017\/10\/2w-704x1024.jpg 704w, https:\/\/www.lvsada.lv\/wp-content\/uploads\/2017\/10\/2w.jpg 1000w\" sizes=\"auto, (max-width: 344px) 100vw, 344px\" \/><\/a><\/p>\n<p style=\"text-align: center;\"><a href=\"https:\/\/www.lvsada.lv\/wp-content\/uploads\/2017\/10\/1w.jpg\"><img loading=\"lazy\" decoding=\"async\" class=\"alignnone size-medium wp-image-2961\" src=\"https:\/\/www.lvsada.lv\/wp-content\/uploads\/2017\/10\/1w-314x500.jpg\" alt=\"1w\" width=\"314\" height=\"500\" srcset=\"https:\/\/www.lvsada.lv\/wp-content\/uploads\/2017\/10\/1w-314x500.jpg 314w, https:\/\/www.lvsada.lv\/wp-content\/uploads\/2017\/10\/1w-644x1024.jpg 644w, https:\/\/www.lvsada.lv\/wp-content\/uploads\/2017\/10\/1w.jpg 1000w\" sizes=\"auto, (max-width: 314px) 100vw, 314px\" \/><\/a><\/p>\n","protected":false},"excerpt":{"rendered":"<p>2025. gada 4. mart\u0101 Saeimas Soci\u0101lo un darba lietu komisija l\u0113ma no\u0146emt piemaksas par darbu sv\u0113tku dien\u0101s un piemaksu par virsstundu darbu samazin\u0101t no 100% uz 50%. LVSADA kategoriski iebilst \u0161\u0101d\u0101m izmai\u0146\u0101m! 2024. gada 10. oktobr\u012b (ievietota laikrakst\u0101 &#8220;Diena)&#8221; 2024. gada 8. oktobr\u012b (ievietota laikrakst\u0101 &#8220;Diena)&#8221; 2023. gada 22. august\u0101 (ievietota laikrakst\u0101 &#8220;Diena&#8221;) 2023. gada&#8230;<\/p>\n","protected":false},"author":1,"featured_media":0,"parent":0,"menu_order":0,"comment_status":"closed","ping_status":"open","template":"","meta":{"footnotes":""},"class_list":["post-2957","page","type-page","status-publish","hentry"],"_links":{"self":[{"href":"https:\/\/www.lvsada.lv\/index.php?rest_route=\/wp\/v2\/pages\/2957","targetHints":{"allow":["GET"]}}],"collection":[{"href":"https:\/\/www.lvsada.lv\/index.php?rest_route=\/wp\/v2\/pages"}],"about":[{"href":"https:\/\/www.lvsada.lv\/index.php?rest_route=\/wp\/v2\/types\/page"}],"author":[{"embeddable":true,"href":"https:\/\/www.lvsada.lv\/index.php?rest_route=\/wp\/v2\/users\/1"}],"replies":[{"embeddable":true,"href":"https:\/\/www.lvsada.lv\/index.php?rest_route=%2Fwp%2Fv2%2Fcomments&post=2957"}],"version-history":[{"count":37,"href":"https:\/\/www.lvsada.lv\/index.php?rest_route=\/wp\/v2\/pages\/2957\/revisions"}],"predecessor-version":[{"id":5190,"href":"https:\/\/www.lvsada.lv\/index.php?rest_route=\/wp\/v2\/pages\/2957\/revisions\/5190"}],"wp:attachment":[{"href":"https:\/\/www.lvsada.lv\/index.php?rest_route=%2Fwp%2Fv2%2Fmedia&parent=2957"}],"curies":[{"name":"wp","href":"https:\/\/api.w.org\/{rel}","templated":true}]}}