{"id":452,"date":"2013-11-05T11:45:05","date_gmt":"2013-11-05T09:45:05","guid":{"rendered":"http:\/\/lvsada.datika.lv\/?page_id=452"},"modified":"2013-11-12T12:56:13","modified_gmt":"2013-11-12T10:56:13","slug":"v-kongresa-materiali","status":"publish","type":"page","link":"https:\/\/www.lvsada.lv\/?page_id=452","title":{"rendered":"V Kongresa materi\u0101li"},"content":{"rendered":"<p><span style=\"font-family: arial,helvetica,sans-serif; font-size: 12px;\">\u0100RK\u0100RTAS REZOL\u016aCIJA\u00a0 <a href=\"https:\/\/www.lvsada.lv\/?page_id=217\" target=\"_blank\">\u201ePar neatliekamu valsts r\u012bc\u012bbu vesel\u012bbas un soci\u0101l\u0101s apr\u016bpes pieejam\u012bbas un kvalit\u0101tes uzlabo\u0161anai\u201d<\/a><\/span><\/p>\n<p><span style=\"font-family: arial,helvetica,sans-serif; font-size: 12px;\">REZOL\u016aCIJA \u00a0<\/span><a href=\"https:\/\/www.lvsada.lv\/?page_id=584\" target=\"_blank\"><span style=\"font-family: arial,helvetica,sans-serif; font-size: 12px;\"> \u201eLVSADA darb\u012bbas pamatvirzieni 2011. \u2013 2015. gad\u0101\u201d<\/span><i><br \/>\n<\/i><\/a><i><\/i><\/p>\n","protected":false},"excerpt":{"rendered":"<p>\u0100RK\u0100RTAS REZOL\u016aCIJA\u00a0 \u201ePar neatliekamu valsts r\u012bc\u012bbu vesel\u012bbas un soci\u0101l\u0101s apr\u016bpes pieejam\u012bbas un kvalit\u0101tes uzlabo\u0161anai\u201d REZOL\u016aCIJA \u00a0 \u201eLVSADA darb\u012bbas pamatvirzieni 2011. \u2013 2015. gad\u0101\u201d<\/p>\n","protected":false},"author":1,"featured_media":0,"parent":0,"menu_order":0,"comment_status":"closed","ping_status":"closed","template":"","meta":{"footnotes":""},"class_list":["post-452","page","type-page","status-publish","hentry"],"_links":{"self":[{"href":"https:\/\/www.lvsada.lv\/index.php?rest_route=\/wp\/v2\/pages\/452","targetHints":{"allow":["GET"]}}],"collection":[{"href":"https:\/\/www.lvsada.lv\/index.php?rest_route=\/wp\/v2\/pages"}],"about":[{"href":"https:\/\/www.lvsada.lv\/index.php?rest_route=\/wp\/v2\/types\/page"}],"author":[{"embeddable":true,"href":"https:\/\/www.lvsada.lv\/index.php?rest_route=\/wp\/v2\/users\/1"}],"replies":[{"embeddable":true,"href":"https:\/\/www.lvsada.lv\/index.php?rest_route=%2Fwp%2Fv2%2Fcomments&post=452"}],"version-history":[{"count":7,"href":"https:\/\/www.lvsada.lv\/index.php?rest_route=\/wp\/v2\/pages\/452\/revisions"}],"predecessor-version":[{"id":927,"href":"https:\/\/www.lvsada.lv\/index.php?rest_route=\/wp\/v2\/pages\/452\/revisions\/927"}],"wp:attachment":[{"href":"https:\/\/www.lvsada.lv\/index.php?rest_route=%2Fwp%2Fv2%2Fmedia&parent=452"}],"curies":[{"name":"wp","href":"https:\/\/api.w.org\/{rel}","templated":true}]}}