{"id":456,"date":"2013-11-05T11:48:22","date_gmt":"2013-11-05T09:48:22","guid":{"rendered":"http:\/\/lvsada.datika.lv\/?page_id=456"},"modified":"2013-11-06T16:11:28","modified_gmt":"2013-11-06T14:11:28","slug":"1-rezolucija","status":"publish","type":"page","link":"https:\/\/www.lvsada.lv\/?page_id=456","title":{"rendered":"Rezol\u016bcija_1"},"content":{"rendered":"<p align=\"center\"><span style=\"font-family: arial,helvetica,sans-serif; font-size: 12px;\">LATVIJAS VESEL\u012aBAS UN SOCI\u0100L\u0100S APR\u016aPES DARBINIEKU ARODBIEDR\u012aBAS 4.KONGRESA<\/span><\/p>\n<p align=\"center\"><span style=\"font-family: arial,helvetica,sans-serif; font-size: 12px;\">(02.12.2005.)<\/span><\/p>\n<p align=\"center\"><span style=\"font-size: 14px; font-family: arial,helvetica,sans-serif;\"><strong>R E Z O L \u016a C I J A<\/strong><\/span><\/p>\n<p align=\"center\"><span style=\"font-size: 14px; font-family: arial,helvetica,sans-serif;\"><strong>\u00a0 &#8220;Par cilv\u0113ka cien\u012bgiem dz\u012bves apst\u0101k\u013ciem&#8221;<\/strong><\/span><\/p>\n<p><span style=\"font-family: arial,helvetica,sans-serif; font-size: 12px;\">\u00a0\u00a0\u00a0\u00a0\u00a0\u00a0\u00a0\u00a0\u00a0\u00a0\u00a0 Tautas dz\u012bves l\u012bmenis p\u0113d\u0113jo gadu laik\u0101 pasliktin\u0101jies. Sabiedrisk\u0101s domas p\u0113t\u012bjumu centra SKDS aptauj\u0101s Latvijas iedz\u012bvot\u0101ji k\u0101 visnegat\u012bv\u0101ko p\u0101rmai\u0146u kop\u0161 iest\u0101\u0161an\u0101s Eiropas Savien\u012bb\u0101 uzskata cenu k\u0101pumu. Valst\u012b ir Eiropas Savien\u012bb\u0101 augst\u0101k\u0101 infl\u0101cija (virs 7%). Lai gan iek\u0161zemes kopprodukta pieauguma temps valst\u012b ir stabili augsts, kas liecina par ekonomikas att\u012bst\u012bbu, tas netiek izmantots tautas labkl\u0101j\u012bbas cel\u0161anai.<\/span><\/p>\n<p><span style=\"font-family: arial,helvetica,sans-serif; font-size: 12px;\">Latvij\u0101 ir zem\u0101k\u0101 minim\u0101l\u0101 m\u0113ne\u0161a darba alga. T\u0101 netika paaugstin\u0101ta l\u012bdz iztikas minimumam 2005.gad\u0101 un netiks paaugstin\u0101ta ar\u012b 2006.gad\u0101. Ar\u012b pension\u0101riem un \u00a0studentiem ien\u0101kumi nav iztikas minimuma l\u012bmen\u012b, kas savuk\u0101rt noteikts devi\u0146desmitajos gados un neatbilst \u0161odienas vajadz\u012bb\u0101m.<\/span><\/p>\n<p><span style=\"font-family: arial,helvetica,sans-serif; font-size: 12px;\">Finans\u0113jums vesel\u012bbas apr\u016bpei ir uz pusi maz\u0101ks nek\u0101 Eiropas Savien\u012bbas valst\u012bs. \u0100rstu apmekl\u0113jumi, \u0101rst\u0113\u0161an\u0101s slimn\u012bc\u0101 un medikamenti k\u013cuvu\u0161i d\u0101rg\u0101ki, un liel\u0101kajai da\u013cai iedz\u012bvot\u0101ju k\u013cuvu\u0161i nepieejami. Saslimst\u012bba un mirst\u012bba ir tik augsta, ka ik gadu paz\u016bd no Latvijas vienas mazpils\u0113tas iedz\u012bvot\u0101ju skaits.<\/span><\/p>\n<p><span style=\"font-family: arial,helvetica,sans-serif; font-size: 12px;\">\u00a0<b><span style=\"text-decoration: underline;\">Kongresa deleg\u0101ti uzskata<\/span><\/b>, ka tautsaimniec\u012bbas att\u012bst\u012bbas tempi, ekonomisk\u0101 situ\u0101cija valst\u012b un no Eiropas Savien\u012bbas sa\u0146emt\u0101 pal\u012bdz\u012bba \u013cauj samazin\u0101t nabadz\u012bbu, palielin\u0101t cilv\u0113kiem ien\u0101kumus un uzlabot vi\u0146u vesel\u012bbu.<\/span><\/p>\n<p><span style=\"font-family: arial,helvetica,sans-serif; font-size: 12px;\">\u00a0<b><span style=\"text-decoration: underline;\">Kongresa deleg\u0101ti pieprasa<\/span><\/b> Valsts prezidentei, Saeimai un vald\u012bbai atz\u012bt par priorit\u0101ti tautas dz\u012bves l\u012bme\u0146a paaugstin\u0101\u0161anu un ekonomikas izaugsmi un att\u012bst\u012bbu izmantot minim\u0101l\u0101s darba algas, pensijas un stipendijas noteik\u0161anai iztikas minimuma l\u012bmen\u012b un vesel\u012bbas apr\u016bpes pakalpojumu pieejam\u012bbas nodro\u0161in\u0101\u0161anai visiem valsts iedz\u012bvot\u0101jiem.<\/span><\/p>\n<p><span style=\"font-family: arial,helvetica,sans-serif; font-size: 12px;\">\u00a0<\/span><\/p>\n<p><span style=\"font-family: arial,helvetica,sans-serif; font-size: 12px;\">\u00a0<\/span><\/p>\n<p><span style=\"font-family: arial,helvetica,sans-serif; font-size: 12px;\">\u00a0<\/span><\/p>\n<p><span style=\"font-family: arial,helvetica,sans-serif; font-size: 12px;\">\u00a0<\/span><\/p>\n<p><span style=\"font-family: arial,helvetica,sans-serif; font-size: 12px;\">\u00a0<\/span><\/p>\n<p><span style=\"font-family: arial,helvetica,sans-serif; font-size: 12px;\">\u00a0<\/span><\/p>\n<p><span style=\"font-family: arial,helvetica,sans-serif; font-size: 12px;\">\u00a0<\/span><\/p>\n<p><span style=\"font-family: arial,helvetica,sans-serif; font-size: 12px;\">\u00a0<\/span><\/p>\n","protected":false},"excerpt":{"rendered":"<p>LATVIJAS VESEL\u012aBAS UN SOCI\u0100L\u0100S APR\u016aPES DARBINIEKU ARODBIEDR\u012aBAS 4.KONGRESA (02.12.2005.) R E Z O L \u016a C I J A \u00a0 &#8220;Par cilv\u0113ka cien\u012bgiem dz\u012bves apst\u0101k\u013ciem&#8221; \u00a0\u00a0\u00a0\u00a0\u00a0\u00a0\u00a0\u00a0\u00a0\u00a0\u00a0 Tautas dz\u012bves l\u012bmenis p\u0113d\u0113jo gadu laik\u0101 pasliktin\u0101jies. Sabiedrisk\u0101s domas p\u0113t\u012bjumu centra SKDS aptauj\u0101s Latvijas iedz\u012bvot\u0101ji k\u0101 visnegat\u012bv\u0101ko p\u0101rmai\u0146u kop\u0161 iest\u0101\u0161an\u0101s Eiropas Savien\u012bb\u0101 uzskata cenu k\u0101pumu. Valst\u012b ir Eiropas Savien\u012bb\u0101&#8230;<\/p>\n","protected":false},"author":1,"featured_media":0,"parent":0,"menu_order":0,"comment_status":"closed","ping_status":"closed","template":"","meta":{"footnotes":""},"class_list":["post-456","page","type-page","status-publish","hentry"],"_links":{"self":[{"href":"https:\/\/www.lvsada.lv\/index.php?rest_route=\/wp\/v2\/pages\/456","targetHints":{"allow":["GET"]}}],"collection":[{"href":"https:\/\/www.lvsada.lv\/index.php?rest_route=\/wp\/v2\/pages"}],"about":[{"href":"https:\/\/www.lvsada.lv\/index.php?rest_route=\/wp\/v2\/types\/page"}],"author":[{"embeddable":true,"href":"https:\/\/www.lvsada.lv\/index.php?rest_route=\/wp\/v2\/users\/1"}],"replies":[{"embeddable":true,"href":"https:\/\/www.lvsada.lv\/index.php?rest_route=%2Fwp%2Fv2%2Fcomments&post=456"}],"version-history":[{"count":6,"href":"https:\/\/www.lvsada.lv\/index.php?rest_route=\/wp\/v2\/pages\/456\/revisions"}],"predecessor-version":[{"id":676,"href":"https:\/\/www.lvsada.lv\/index.php?rest_route=\/wp\/v2\/pages\/456\/revisions\/676"}],"wp:attachment":[{"href":"https:\/\/www.lvsada.lv\/index.php?rest_route=%2Fwp%2Fv2%2Fmedia&parent=456"}],"curies":[{"name":"wp","href":"https:\/\/api.w.org\/{rel}","templated":true}]}}